{"id":103,"date":"2014-05-22T23:31:46","date_gmt":"2014-05-23T02:31:46","guid":{"rendered":"http:\/\/sinpes.org.br\/site\/?page_id=103"},"modified":"2020-04-06T09:35:17","modified_gmt":"2020-04-06T12:35:17","slug":"contato","status":"publish","type":"page","link":"https:\/\/sinpes.org.br\/site\/contato\/","title":{"rendered":"Contato"},"content":{"rendered":"<p align=\"justify\"><span class=\"style10\"><strong>SINPES &#8211; Sindicato dos Professores de Ensino Superior de Curitiba e Regi\u00e3o Metropolitana.<\/strong><\/span><\/p>\n<p class=\"style10\"><strong>Endere\u00e7o:<\/strong><br \/>\nRua Marechal Deodoro, 869 cj. 606<br \/>\nCep: 80060 -010<br \/>\nCuritiba- Paran\u00e1<\/p>\n<p class=\"style10\"><strong>Telefones:<\/strong> (41) 3225-1041 \/ (41) 3323-6867<\/p>\n<p><strong>E-mail:<\/strong> sinpes@sinpes.org.br\/ comunicacao@sinpes.org.br<\/p>\n<p style=\"text-align: left;\"><strong>Redes Sociais:<\/strong><\/p>\n<p style=\"text-align: left;\"><a class=\"https:\/\/www.facebook.com\/SINPES-Sindicato-dos-Professores-de-Ensino-Superior-296535133689826\/?ref=bookmarks noopener noreferrer\" href=\"https:\/\/sinpes.org.br\/site\/wp-content\/uploads\/2020\/04\/logo-facebook-png5.png\" target=\"_blank\" rel=\"noopener noreferrer\"><img loading=\"lazy\" decoding=\"async\" class=\"alignleft wp-image-2991\" src=\"https:\/\/sinpes.org.br\/site\/wp-content\/uploads\/2020\/04\/logo-facebook-png5-150x150.png\" alt=\"\" width=\"89\" height=\"89\" \/><\/a><\/p>\n<p>&nbsp;<\/p>\n<p><a href=\"https:\/\/www.facebook.com\/SINPES-Sindicato-dos-Professores-de-Ensino-Superior-296535133689826\/?ref=bookmarks noopener noreferrer\">https:\/\/www.facebook.com\/SINPES-Sindicato-dos-Professores-de-Ensino-Superior-296535133689826\/?ref=bookmarks noopener noreferrer<\/a><\/p>\n<p>&nbsp;<\/p>\n<p><a href=\"https:\/\/sinpes.org.br\/site\/wp-content\/uploads\/2020\/04\/insta-logo.jpg\" target=\"_blank\" rel=\"https:\/\/www.instagram.com\/ noopener noreferrer\"><img loading=\"lazy\" decoding=\"async\" class=\"alignleft wp-image-2992\" src=\"https:\/\/sinpes.org.br\/site\/wp-content\/uploads\/2020\/04\/insta-logo-150x150.jpg\" alt=\"\" width=\"84\" height=\"84\" \/><\/a><\/p>\n<p>&nbsp;<\/p>\n<p><a href=\"https:\/\/www.instagram.com\/sinpesassim\/\">https:\/\/www.instagram.com\/sinpesassim\/<\/a><\/p>\n<p>&nbsp;<\/p>\n<p>&nbsp;<\/p>\n<hr \/>\n<p class=\"style10\">\n<div class=\"wpcf7 no-js\" id=\"wpcf7-f1376-o1\" lang=\"pt-BR\" dir=\"ltr\" data-wpcf7-id=\"1376\">\n<div class=\"screen-reader-response\"><p role=\"status\" aria-live=\"polite\" aria-atomic=\"true\"><\/p> <ul><\/ul><\/div>\n<form action=\"\/site\/wp-json\/wp\/v2\/pages\/103#wpcf7-f1376-o1\" method=\"post\" class=\"wpcf7-form init cf7-style cf7-style-1404\" aria-label=\"Formul\u00e1rios de contato\" novalidate=\"novalidate\" data-status=\"init\">\n<fieldset class=\"hidden-fields-container\"><input type=\"hidden\" name=\"_wpcf7\" value=\"1376\" \/><input type=\"hidden\" name=\"_wpcf7_version\" value=\"6.1.5\" \/><input type=\"hidden\" name=\"_wpcf7_locale\" value=\"pt_BR\" \/><input type=\"hidden\" name=\"_wpcf7_unit_tag\" value=\"wpcf7-f1376-o1\" \/><input type=\"hidden\" name=\"_wpcf7_container_post\" value=\"0\" \/><input type=\"hidden\" name=\"_wpcf7_posted_data_hash\" value=\"\" \/><input type=\"hidden\" name=\"_wpcf7_recaptcha_response\" value=\"\" \/>\n<\/fieldset>\n<p><label> Nome Completo (obrigat\u00f3rio)<br \/>\n<span class=\"wpcf7-form-control-wrap\" data-name=\"your-name\"><input size=\"40\" maxlength=\"400\" class=\"wpcf7-form-control wpcf7-text wpcf7-validates-as-required\" aria-required=\"true\" aria-invalid=\"false\" value=\"\" type=\"text\" name=\"your-name\" \/><\/span> <\/label>\n<\/p>\n<p><label> E-mail (obrigat\u00f3rio)<br \/>\n<span class=\"wpcf7-form-control-wrap\" data-name=\"your-email\"><input size=\"40\" maxlength=\"400\" class=\"wpcf7-form-control wpcf7-email wpcf7-validates-as-required wpcf7-text wpcf7-validates-as-email\" aria-required=\"true\" aria-invalid=\"false\" value=\"\" type=\"email\" name=\"your-email\" \/><\/span> <\/label>\n<\/p>\n<p><label> Assunto<br \/>\n<span class=\"wpcf7-form-control-wrap\" data-name=\"your-subject\"><input size=\"40\" maxlength=\"400\" class=\"wpcf7-form-control wpcf7-text\" aria-invalid=\"false\" value=\"\" type=\"text\" name=\"your-subject\" \/><\/span> <\/label>\n<\/p>\n<p><label> Mensagem<br \/>\n<span class=\"wpcf7-form-control-wrap\" data-name=\"your-message\"><textarea cols=\"40\" rows=\"10\" maxlength=\"2000\" class=\"wpcf7-form-control wpcf7-textarea\" aria-invalid=\"false\" name=\"your-message\"><\/textarea><\/span> <\/label>\n<\/p>\n<p>Digite o texto para continuar:\n<\/p>\n<p><input type=\"hidden\" name=\"_wpcf7_captcha_challenge_captcha-152\" value=\"461327210\" \/><img loading=\"lazy\" decoding=\"async\" class=\"wpcf7-form-control wpcf7-captchac wpcf7-captcha-captcha-152\" width=\"84\" height=\"28\" alt=\"captcha\" src=\"https:\/\/sinpes.org.br\/site\/wp-content\/uploads\/wpcf7_captcha\/461327210.png\" \/><br \/>\n<span class=\"wpcf7-form-control-wrap\" data-name=\"captcha-152\"><input size=\"40\" class=\"wpcf7-form-control wpcf7-captchar\" autocomplete=\"off\" aria-invalid=\"false\" value=\"\" type=\"text\" name=\"captcha-152\" \/><\/span><br \/>\n\n<\/p>\n<p><input class=\"wpcf7-form-control wpcf7-submit has-spinner\" type=\"submit\" value=\"Enviar\" \/>\n<\/p><p style=\"display: none !important;\" class=\"akismet-fields-container\" data-prefix=\"_wpcf7_ak_\"><label>&#916;<textarea name=\"_wpcf7_ak_hp_textarea\" cols=\"45\" rows=\"8\" maxlength=\"100\"><\/textarea><\/label><input type=\"hidden\" id=\"ak_js_1\" name=\"_wpcf7_ak_js\" value=\"123\"\/><script>document.getElementById( \"ak_js_1\" ).setAttribute( \"value\", ( new Date() ).getTime() );<\/script><\/p><input type='hidden' class='wpcf7-pum' value='{\"closepopup\":false,\"closedelay\":0,\"openpopup\":false,\"openpopup_id\":0}' \/><div class=\"wpcf7-response-output\" aria-hidden=\"true\"><\/div>\n<\/form>\n<\/div>\n<\/p>\n","protected":false},"excerpt":{"rendered":"<p>SINPES &#8211; Sindicato dos Professores de Ensino Superior de Curitiba e Regi\u00e3o Metropolitana. Endere\u00e7o: Rua Marechal Deodoro, 869 cj. 606 Cep: 80060 -010 Curitiba- Paran\u00e1 Telefones: (41) 3225-1041 \/ (41) 3323-6867 E-mail: sinpes@sinpes.org.br\/ comunicacao@sinpes.org.br Redes Sociais: &nbsp; https:\/\/www.facebook.com\/SINPES-Sindicato-dos-Professores-de-Ensino-Superior-296535133689826\/?ref=bookmarks noopener noreferrer &nbsp; &nbsp; https:\/\/www.instagram.com\/sinpesassim\/ &nbsp; &nbsp;<\/p>\n","protected":false},"author":2,"featured_media":0,"parent":0,"menu_order":10,"comment_status":"closed","ping_status":"closed","template":"","meta":{"footnotes":""},"class_list":["post-103","page","type-page","status-publish","hentry"],"_links":{"self":[{"href":"https:\/\/sinpes.org.br\/site\/wp-json\/wp\/v2\/pages\/103","targetHints":{"allow":["GET"]}}],"collection":[{"href":"https:\/\/sinpes.org.br\/site\/wp-json\/wp\/v2\/pages"}],"about":[{"href":"https:\/\/sinpes.org.br\/site\/wp-json\/wp\/v2\/types\/page"}],"author":[{"embeddable":true,"href":"https:\/\/sinpes.org.br\/site\/wp-json\/wp\/v2\/users\/2"}],"replies":[{"embeddable":true,"href":"https:\/\/sinpes.org.br\/site\/wp-json\/wp\/v2\/comments?post=103"}],"version-history":[{"count":11,"href":"https:\/\/sinpes.org.br\/site\/wp-json\/wp\/v2\/pages\/103\/revisions"}],"predecessor-version":[{"id":2997,"href":"https:\/\/sinpes.org.br\/site\/wp-json\/wp\/v2\/pages\/103\/revisions\/2997"}],"wp:attachment":[{"href":"https:\/\/sinpes.org.br\/site\/wp-json\/wp\/v2\/media?parent=103"}],"curies":[{"name":"wp","href":"https:\/\/api.w.org\/{rel}","templated":true}]}}