{"id":101,"date":"2014-05-22T23:30:26","date_gmt":"2014-05-23T02:30:26","guid":{"rendered":"http:\/\/sinpes.org.br\/site\/?page_id=101"},"modified":"2024-09-23T09:36:25","modified_gmt":"2024-09-23T12:36:25","slug":"diretoria","status":"publish","type":"page","link":"https:\/\/sinpes.org.br\/site\/diretoria\/","title":{"rendered":"Diretoria"},"content":{"rendered":"<h3><strong><span class=\"titulo-fundo\" style=\"color: #ff0000;\">CONSELHO ADMINISTRATIVO<\/span><\/strong><\/h3>\n<p>&nbsp;<\/p>\n<p>PRESIDENTE<\/p>\n<p><strong>VALDYR ARNALDO LESSNAU PERRINI<\/strong><\/p>\n<p>&nbsp;<\/p>\n<p>VICE-PRESIDENTE<\/p>\n<p><strong>DARLI DE F\u00c1TIMA SAMPAIO<\/strong><\/p>\n<p>&nbsp;<\/p>\n<p>SECRET\u00c1RIO-GERAL<\/p>\n<p><strong>CLAUDIO HENRIQUE DE CASTRO<\/strong><\/p>\n<p>&nbsp;<\/p>\n<p>PRIMEIRO SECRET\u00c1RIO<\/p>\n<p><strong>CEZAR BUENO DE LIMA<\/strong><\/p>\n<p>&nbsp;<\/p>\n<p>TESOUREIRO<\/p>\n<p><strong>BERNARDO KESTRING<\/strong><\/p>\n<p>&nbsp;<\/p>\n<p>PRIMEIRA TESOUREIRA<\/p>\n<p><strong>REGINA FERNANDES REINERT<\/strong><\/p>\n<p>&nbsp;<\/p>\n<p>DIRETOR DE NEGOCIA\u00c7\u00d5ES COLETIVAS<\/p>\n<p><strong>CARLOS MAGNO ESTEVES VASCONCELLOS<\/strong><\/p>\n<p>&nbsp;<\/p>\n<p>PRIMEIRO SUPLENTE DA DIRETORIA<\/p>\n<p><strong>LEDO PAULO GUIMAR\u00c3ES SANTOS<\/strong><\/p>\n<p>&nbsp;<\/p>\n<p>SEGUNDO SUPLENTE DA DIRETORIA<\/p>\n<p><strong>ANTONIO DJALMA BRAGA JUNIOR<\/strong><\/p>\n<p>&nbsp;<\/p>\n<p>TERCEIRA SUPLENTE DA DIRETORIA<\/p>\n<p><strong>PAULA TALITA COZERO<\/strong><\/p>\n<p>&nbsp;<\/p>\n<p>QUARTA SUPLENTE DA DIRETORIA<\/p>\n<p><strong>ROSA LYDIA TEIXEIRA CORREA<\/strong><\/p>\n<p>&nbsp;<\/p>\n<p>QUINTA SUPLENTE DA DIRETORIA<\/p>\n<p><strong>FERNANDA BIAZZETO VILAR FABRICIO<\/strong><\/p>\n<p>&nbsp;<\/p>\n<p>SEXTO SUPLENTE DA DIRETORIA<\/p>\n<p><strong>DANIEL PALA ABECHE<\/strong><\/p>\n<p>&nbsp;<\/p>\n<p>S\u00c9TIMO SUPLENTE DA DIRETORIA<\/p>\n<p><strong>DEAN F\u00c1BIO BUENO DE ALMEIDA<\/strong><\/p>\n<p><strong>\u00a0<\/strong><\/p>\n<p><strong>CONSELHO FISCAL<\/strong><\/p>\n<p>&nbsp;<\/p>\n<p>PRIMEIRO TITULAR DO CONSELHO FISCAL<\/p>\n<p><strong>LUIZ CARLOS BALCEWICZ<\/strong><\/p>\n<p>&nbsp;<\/p>\n<p>SEGUNDO TITULAR DO CONSELHO FISCAL<\/p>\n<p><strong>WAGNER ROCHA D ANGELIS<\/strong><\/p>\n<p>&nbsp;<\/p>\n<p>TERCEIRO TITULAR DO CONSELHO FISCAL<\/p>\n<p><strong>LUIZ RENATO SKROCH ANDRETTA<\/strong><\/p>\n<p>&nbsp;<\/p>\n<p>PRIMEIRO SUPLENTE DO CONSELHO FISCAL<\/p>\n<p><strong>ROBERTO EURICO SCHMIDT JUNIOR<\/strong><\/p>\n<p>&nbsp;<\/p>\n<p>SEGUNDO SUPLENTE DO CONSELHO FISCAL<\/p>\n<p><strong>VITORIO SOROTIUK<\/strong><\/p>\n<p>&nbsp;<\/p>\n<p>TERCEIRA SUPLENTE DO CONSELHO FISCAL<\/p>\n<p><strong>ILDA LOPES WITIUK<\/strong><\/p>\n<p>&nbsp;<\/p>\n<p style=\"text-align: justify; line-height: 150%; background: white; font-variant-ligatures: normal; font-variant-caps: normal; orphans: 2; widows: 2; -webkit-text-stroke-width: 0px; text-decoration-thickness: initial; text-decoration-style: initial; text-decoration-color: initial; word-spacing: 0px; margin: 0cm 0cm 12.0pt 0cm;\"><span style=\"font-size: 11.0pt; line-height: 150%; font-family: 'Arial',sans-serif; color: #222222;\">\u00a0<\/span><\/p>\n<p>&nbsp;<\/p>\n<!-- AddThis Advanced Settings generic via filter on the_content --><!-- AddThis Share Buttons generic via filter on the_content -->","protected":false},"excerpt":{"rendered":"<p>CONSELHO ADMINISTRATIVO &nbsp; PRESIDENTE VALDYR ARNALDO LESSNAU PERRINI &nbsp; VICE-PRESIDENTE DARLI DE F\u00c1TIMA SAMPAIO &nbsp; SECRET\u00c1RIO-GERAL CLAUDIO HENRIQUE DE CASTRO &nbsp; PRIMEIRO SECRET\u00c1RIO CEZAR BUENO DE LIMA &nbsp; TESOUREIRO BERNARDO KESTRING &nbsp; PRIMEIRA TESOUREIRA REGINA FERNANDES REINERT &nbsp; DIRETOR DE NEGOCIA\u00c7\u00d5ES COLETIVAS CARLOS MAGNO ESTEVES VASCONCELLOS &nbsp; PRIMEIRO SUPLENTE DA DIRETORIA LEDO PAULO GUIMAR\u00c3ES SANTOS [&hellip;]<!-- AddThis Advanced Settings generic via filter on wp_trim_excerpt --><!-- AddThis Share Buttons generic via filter on wp_trim_excerpt --><\/p>\n","protected":false},"author":2,"featured_media":0,"parent":0,"menu_order":4,"comment_status":"closed","ping_status":"closed","template":"","meta":{"footnotes":""},"class_list":["post-101","page","type-page","status-publish","hentry"],"_links":{"self":[{"href":"https:\/\/sinpes.org.br\/site\/wp-json\/wp\/v2\/pages\/101","targetHints":{"allow":["GET"]}}],"collection":[{"href":"https:\/\/sinpes.org.br\/site\/wp-json\/wp\/v2\/pages"}],"about":[{"href":"https:\/\/sinpes.org.br\/site\/wp-json\/wp\/v2\/types\/page"}],"author":[{"embeddable":true,"href":"https:\/\/sinpes.org.br\/site\/wp-json\/wp\/v2\/users\/2"}],"replies":[{"embeddable":true,"href":"https:\/\/sinpes.org.br\/site\/wp-json\/wp\/v2\/comments?post=101"}],"version-history":[{"count":14,"href":"https:\/\/sinpes.org.br\/site\/wp-json\/wp\/v2\/pages\/101\/revisions"}],"predecessor-version":[{"id":4804,"href":"https:\/\/sinpes.org.br\/site\/wp-json\/wp\/v2\/pages\/101\/revisions\/4804"}],"wp:attachment":[{"href":"https:\/\/sinpes.org.br\/site\/wp-json\/wp\/v2\/media?parent=101"}],"curies":[{"name":"wp","href":"https:\/\/api.w.org\/{rel}","templated":true}]}}